factors of ((-12)/12)/(a/(-5)).
5
Suppose 9 + 1 = -2*k. What are the prime factors of k*((-366)/(-5))/(-6)?
61
Let u(p) = -1 + 2 + 15*p - 1 - 9. List the prime factors of u(5).
2, 3, 11
Let a(k) be the second derivative of -k**5/20 + 7*k**4/12 - k**3/3 + k**2 + 20*k. Let u = 2 + 4. What are the prime factors of a(u)?
2, 13
Suppose -30*h + 29*h + 213 = 0. List the prime factors of h.
3, 71
Let y(w) = w**3 - 6*w**2 + 7. Let g be y(6). Let f(b) = -b + 13. Let s be f(g). What are the prime factors of s*8*2/12?
2
Suppose -6 = -k - 5. Suppose -r + 0 + 3 = -2*d, 5*r - k = 3*d. List the prime factors of 35 - ((r - 2) + 1).
37
Let o be 28/70*(-24 - 1). Let a = o - -13. Suppose 27 = n + a*u, 2*u - 118 = -4*n - 0*n. List the prime factors of n.
2, 3, 5
Suppose -4*w = -6*w - 3*a + 4, 5*w - 4*a = -36. Let f = 476 - 477. What are the prime factors of (0 - (f - w)) + 64?
61
Let g be -4 - ((-1)/(-1) + 1). What are the prime factors of 165/(-2)*g/9?
5, 11
Suppose -4*z = -z + 2*g - 285, z - 78 = 5*g. List the prime factors of z.
3, 31
What are the prime factors of (-11 + 24)/((-1)/(-51))?
3, 13, 17
Let n = -603 - -1845. List the prime factors of n.
2, 3, 23
Let r(y) = 149*y**2 + 9*y - 10. What are the prime factors of r(2)?
2, 151
Suppose 5*i + s - 3*s = 8113, s = -2*i + 3247. What are the prime factors of i?
3, 541
Suppose 3*c + 4*r = 7 - 1, 2*c - 27 = 5*r. Suppose -4*d = -d - c. Suppose -2*f + 24 = d*f. List the prime factors of f.
2, 3
Let q = 6 + -4. Let w(b) = -b**3 - 2*b**2 - b + 3*b**2 + 10 + 0*b**q. What are the prime factors of w(0)?
2, 5
Suppose -4*x + 2*i = -4, 3*x - 2*i - 4 = -2*x. Suppose x = 4*k - v - 208, 3*k + 5*v - 73 = 83. List the prime factors of k.
2, 13
Let d(g) = -g**2 - 24*g + 11. Let m be d(-9). Suppose 5*f = 3*k - m, k - 5*f + f = 44. What are the prime factors of k?
2, 13
Let j be (-2)/(-5) + 52/20. List the prime factors of 1/(j/7)*15.
5, 7
Suppose z - 1458 = 2*x, 1463 = z - 7*x + 6*x. What are the prime factors of z?
2, 367
Suppose 0 = 2*x - c - 475, 0 = 4*x + 2*c - 485 - 485. Let n = x - 166. List the prime factors of n.
2, 37
Let b(a) = -377*a - 2. List the prime factors of b(-1).
3, 5
What are the prime factors of -1 + 6 + 489 + 4/(-1)?
2, 5, 7
Suppose -24 - 124 = 4*o. Let m = o + 28. List the prime factors of (30/m)/(1/(-12)).
2, 5
Suppose 0 = -7*d + 3*d - 896. Let m = -49 - d. What are the prime factors of m?
5, 7
Let r be 4/8*8 - 2. Suppose w + 42 = r*w. Suppose -4*q - w + 186 = 0. List the prime factors of q.
2, 3
Let t = -8 + 330. What are the prime factors of 1 + t + (-4)/(3 - 4)?
3, 109
Let x = 9 - 17. Let f be x/12*3 - -4. Suppose a + 4 = f*a. What are the prime factors of a?
2
Let t be 1 + 9/(18/8). Let g(n) = t*n + 42 - 42 - 14*n. What are the prime factors of g(-3)?
3
Let t(v) = -6*v - 3. Let g = -30 - -16. Let s = g - -11. List the prime factors of t(s).
3, 5
Let m(z) = 2*z + 37. Let x be m(-16). What are the prime factors of (x/2)/5*-2 + 197?
2, 7
Let p(k) = 1. Let d(j) = -6*j + 3. Let w = -18 + 16. Let y(g) = w*p(g) + d(g). What are the prime factors of y(-4)?
5
Let y(k) = 3*k**2 + 44*k + 254. List the prime factors of y(-28).
2, 3, 229
Let k = -232 - -398. List the prime factors of k.
2, 83
Let r be (-9)/(-2)*(14 + -4). Let m = r + -15. What are the prime factors of m?
2, 3, 5
Suppose 5*q = 3*q + 28. Let a(j) = 8 + 15*j + 12 - q*j + j**2. What are the prime factors of a(0)?
2, 5
Suppose -20*c + 11*c = -18. Suppose -c*p + p + 266 = 0. List the prime factors of p.
2, 7, 19
Suppose -w = 2*h - 3, 0*w - 2*h = 4*w. Let c(u) = 53*u**2 - 6*u - 6. List the prime factors of c(w).
53
Suppose -8*o = 3454 - 18878. List the prime factors of o.
2, 241
List the prime factors of ((-961)/(-5))/(11/55).
31
Let x(z) = 46*z - 16. List the prime factors of x(11).
2, 5, 7
Suppose 7*f - 11*f = -k + 304, -5*k - 2*f = -1410. What are the prime factors of k?
2, 71
Let j(s) = -s**3 + 16*s**2 - 2*s + 24. Let m be j(16). What are the prime factors of (179 - -1) + (-6 - 72/m)?
3, 61
Let h = -217 - -593. What are the prime factors of h?
2, 47
Let p be (3 + -2)/(15/105). What are the prime factors of 6/42 - 15/p - -16?
2, 7
Suppose 0 = -18*g + 14*g + 12. Let o be (g - 5) + 145*1. Let a = -91 + o. What are the prime factors of a?
2, 13
Let c = 11 + -24. Let w = -6 - c. What are the prime factors of w?
7
Suppose -k = -w + 6*w + 72, 0 = -k + 5*w - 92. Let h = k + 157. List the prime factors of h.
3, 5
Let p(v) = 94*v + 22. Let a(c) = 31*c + 7. Let d(q) = 17*a(q) - 6*p(q). List the prime factors of d(-4).
3, 5
Let g(a) = 6*a + 128. What are the prime factors of g(13)?
2, 103
Suppose -4*o + 389 = -5*p, -3*o + 0*p + 4*p = -292. Suppose 3*z - o = -y - 36, -2*z + 2*y + 32 = 0. What are the prime factors of z?
19
Let u(t) = 2*t**2 - 25*t - 31. List the prime factors of u(36).
11, 151
Let w = 410 + -610. Let v = w - -434. Suppose 5*s - 375 = -q, -3*s + 3*q + 9 + v = 0. List the prime factors of s.
2, 19
List the prime factors of 2/(-29) + 2123450/1015.
2, 523
Let y(f) = 2*f**2 + f + 2. Let s(x) = -x**2 - 7*x - 6. Let b be s(-4). Let n = b + -4. What are the prime factors of y(n)?
2, 3
Let g(q) = 239*q - 692. List the prime factors of g(18).
2, 5, 19
Let p = 29 + -25. Let x be (0 - -1) + -3 + p. Suppose -g + 5*h - 18 = -x*g, 9 = g + 2*h. What are the prime factors of g?
3
Suppose 5*v + 85 = -5*y, -5*v + 3*y = 116 - 7. List the prime factors of v/10*(-6)/4.
3
Suppose -46*g + 93880 = -23052. List the prime factors of g.
2, 31, 41
Let n be -5 + (-5)/(-5) - 4. Let w = 50 - n. List the prime factors of w.
2, 29
Let t = -61 + 66. Suppose 0 = t*g + 3*s - 373, 2*s - s - 149 = -2*g. What are the prime factors of g?
2, 37
Let l(t) be the second derivative of 9/2*t**2 + 0 + 1/6*t**3 + 8*t. List the prime factors of l(-6).
3
List the prime factors of ((-3414)/10 - 3/5)*-6.
2, 3, 19
Suppose 0 = 4*f - 2 + 18. Let a = f - -50. List the prime factors of a.
2, 23
Let f(w) = -w**3 + 5*w**2 - 3*w + 1. Let q be 2/(-4) - (-14)/4. Let a be f(q). List the prime factors of 15/a - 204/(-8).
3
Let z(f) = 121*f**2 + 16*f - 15. List the prime factors of z(1).
2, 61
List the prime factors of (-12 + 8 - 1986/2)*-1.
997
Suppose 107*b = 130*b - 31901. List the prime factors of b.
19, 73
Suppose -26*f + 1985 = -82541. List the prime factors of f.
3251
Suppose -u - 4*l = -63, -6*u + l + 231 = -u. List the prime factors of u.
47
Suppose 0 = 4*v - 20 - 0. Let b(h) = 2*h**2 + 8*h - 3. List the prime factors of b(v).
3, 29
What are the prime factors of 14*33 + (-9 + 0 - -2)?
5, 7, 13
Suppose 2590 = p - 5*z, -p - 4*z + 0*z + 2617 = 0. What are the prime factors of p?
5, 521
Suppose -t - 5*l + 2636 = 0, 0 = -215*t + 219*t + 2*l - 10472. List the prime factors of t.
2, 3, 109
Let n(h) = 8*h - 1. Let s = -21 - -15. Let q(a) = 7*a - 2. Let m(c) = s*q(c) + 5*n(c). What are the prime factors of m(-5)?
17
Let k = -9 + 11. Let r(q) = 2 - 6*q**3 + 42*q**k + q - 3 - 41*q**2. What are the prime factors of r(-2)?
7
What are the prime factors of 2/((-4)/(-4))*336?
2, 3, 7
Let c(x) = 4*x - 9. Let k be c(0). Let a(i) = -i**3 - 8*i**2 - 5*i - 11. List the prime factors of a(k).
5, 23
Let x(a) be the third derivative of -5*a**4/12 - 2*a**3/3 - 7*a**2. Let t be x(-3). List the prime factors of (-5)/(-10) - t/(-4).
7
Let g(q) be the first derivative of 2*q**3/3 + 11*q - 3. Let b(l) = 3*l**2 + l + 21. Let o(d) = -3*b(d) + 5*g(d). List the prime factors of o(-6).
2, 23
Suppose -2*l = -3*o - 812, 2*o - 812 = -6*l + 4*l. What are the prime factors of l?
2, 7, 29
Let t(g) = g**3 - 2*g**2 - 4*g + 3. Let c be t(2). Let d be -3 - c/((-10)/(-48)). Suppose 39 + d = 5*f. What are the prime factors of f?
2, 3
Let t be -10*(51/12*2 - -1). Let y = t + 278. List the prime factors of y.
3, 61
Let x = 340 + 1029. What are the prime factors of x?
37
Suppose 922 = 3*j - f, -1425 = -5*j - 3*f + 121. What are the prime factors of j?
2, 7, 11
Let t(l) = 2*l + 36. Let b be t(0). Let u = b + 2. List the prime factors of u.
2, 19
Let f(c) = 3*c - 6*c + 9*c + 6 + 3*c. Let g(w) = -17*w - 11. Let i(k) = -7*f(k) - 4*g(k). List the prime factors of i(7).
37
Suppose -106*a + 114*a - 8064 = 0. List the prime factors of a.
2, 3, 7
Let n = -34 - -26. Let t = 16 + n. List the prime factors of t.
2
Let s(k) = -k**3 + 15*k**2 + 16*k - 24. Let a b